3, 5, 13
Let v(z) = 2335*z**3 + 2*z**2 + 15*z - 50. List the prime factors of v(2).
2, 13, 359
Let h = 13193 + 4447. List the prime factors of h.
2, 3, 5, 7
Let t be ((-20)/6 - -2)/(50/(-375)). Let o(g) = g**2 - g - 17. Let u(b) = -5*b**2 + 5*b + 68. Let m(d) = -9*o(d) - 2*u(d). What are the prime factors of m(t)?
107
Suppose 146 = 35*h + 41. Suppose -3*z - 5*c = -183, 2*c + 279 = 4*z - h*c. List the prime factors of z.
2, 3, 11
Let z(m) = -785*m - 1920. What are the prime factors of z(-19)?
5, 23, 113
Let r = 26942 - 13642. List the prime factors of r.
2, 5, 7, 19
Let r be (4 + 648/45)*530/4. Suppose 3*w - 6 = 0, -r - 1512 = -5*z + 5*w. List the prime factors of z.
2, 3, 11
Let d be 2/(-6) - (-16232)/24. Let a = 1459 - d. List the prime factors of a.
3, 29
Suppose -28*o - 6*o - 23*o + 409146 = 0. What are the prime factors of o?
2, 37, 97
Let p = 25956 - 8426. List the prime factors of p.
2, 5, 1753
Suppose 0 = -2*q - z + 6, -5*z + 9 = 3*q - 8*z. Suppose 0 = 3*n - 12 + 3. Suppose -200 = -n*c + h, 5*c + 0*c + q*h - 352 = 0. What are the prime factors of c?
2, 17
Let x(w) be the third derivative of 5*w**4/3 + 11*w**3/3 + 8*w**2. What are the prime factors of x(16)?
2, 331
Let c = 514 + -510. Suppose -t = q - 793, -c*q + 3*q - 3*t + 783 = 0. What are the prime factors of q?
2, 3, 7, 19
Suppose 56*p - 59*p - 3*z = -58146, 58132 = 3*p + 5*z. List the prime factors of p.
3, 23, 281
Let h = -50 + 67. Suppose 3470 = 27*b - h*b. List the prime factors of b.
347
What are the prime factors of 5761 + (-4 - 187/(-11))?
2, 2887
Let f = 2073 + -113. What are the prime factors of f?
2, 5, 7
Let q be ((-42)/5)/(((-22)/450)/11). Suppose 8*z = 11*z - q. List the prime factors of z.
2, 3, 5, 7
Let i(g) = -10*g - 135. Let s(r) = -r + 2. Let n(f) = -i(f) - 2*s(f). List the prime factors of n(22).
5, 79
Let k = 793 - 602. Let l = -99 - -55. Let w = k - l. What are the prime factors of w?
5, 47
Suppose -2*v = -2*g, 9*g - 4*g + 2*v - 21 = 0. Suppose -5*d - 202 = -g*x - 2051, d - 377 = -3*x. List the prime factors of d.
7, 53
Suppose -z = 428*p - 427*p - 38032, -3*z + 114088 = -5*p. What are the prime factors of z?
3, 7, 1811
Suppose -307743 = -111*w + 166940 + 1982302. List the prime factors of w.
5, 19, 233
Let j(n) = 3*n**3 + 6*n**2 - 4*n + 3. Let v be j(-5). Let p = 389 + v. What are the prime factors of p?
11, 17
Let b(w) = -58*w**3 - 6*w**2 + 56*w + 271. What are the prime factors of b(-8)?
5, 5827
Suppose 5*k = -w + 23, -4*w = w - 4*k + 1. Suppose -329 = -r + 10*o - 9*o, 2*r - 648 = -w*o. List the prime factors of r.
3, 109
Suppose -5*r + 7 + 11 = y, 2*y = -r + 72. Let d = y + 81. Let g = d - 68. List the prime factors of g.
3, 17
List the prime factors of 343910/245*14/2.
2, 17
Let s = -12089 - -19254. List the prime factors of s.
5, 1433
Let r be (-24)/(-8) - (-2085)/(6/2). Suppose -69*n + r = -67*n. What are the prime factors of n?
349
Let y(s) = s**2 - 4 - 90*s + s**2 + 139*s. List the prime factors of y(-34).
2, 3, 107
Suppose -8*d - 1606 = 3*d. Let v = 252 + d. Suppose -v - 159 = -5*h. List the prime factors of h.
53
Let l = -3694 + 5792. List the prime factors of l.
2, 1049
Let k = 231 - 138. Let d = -123 - -70. Let y = d + k. List the prime factors of y.
2, 5
Suppose 5*x - 4*f = -2*f + 815, 0 = -2*x - f + 335. Suppose -2*j - 6 = 0, 5*d - 2*j = x + 581. What are the prime factors of d?
2, 37
Let a be (4/(-10))/((-44)/110)*163. List the prime factors of (-1 + 0)/(1*(-1)/a).
163
Let p = -142 - -78. Let g = p - -216. Suppose -u = -2*n + 112, 0 = -3*n - 4*u + 27 + g. What are the prime factors of n?
3, 19
Suppose 0 = -21*j - 205 + 16. What are the prime factors of 1305/5 - (4 + j)?
2, 7, 19
Let g(n) be the second derivative of 32*n**4/3 + n**3/2 - 3*n**2/2 - n. Let q(h) = -h**2 + 17*h - 71. Let w be q(8). What are the prime factors of g(w)?
2
Suppose 16*k = 21*k - 15. Suppose 0 = k*f - f - 164. List the prime factors of f.
2, 41
Let q(t) = -13*t + 110. Let u be q(-16). What are the prime factors of 626/12 + 265/u?
53
Suppose 2*n - 18092 = -4*o, o - 4631 = -5*n + 40590. List the prime factors of n.
2, 7, 17, 19
Let j = 6743 + -6494. List the prime factors of j.
3, 83
What are the prime factors of -20 - -16725 - (8 + 4)?
16693
Let d(n) be the third derivative of -n**4/12 + 7*n**3/3 + 185*n**2 - n. Suppose -2 = s + 17. List the prime factors of d(s).
2, 13
Let v(o) = 2*o**2 + 26*o + 38. Let d be v(-15). What are the prime factors of (2*-1 - -4) + (d - -19)?
7, 17
Suppose 15*r = 989 + 5716. Suppose -8*x = -17 - r. List the prime factors of x.
2, 29
Suppose i + 3*l + 195 = l, 3*i - 5*l + 585 = 0. Let o = -129 - i. Suppose 71*m = o*m + 850. List the prime factors of m.
2, 5, 17
Let i(f) = 7*f**2 + 56*f - 28. What are the prime factors of i(-15)?
7, 101
Let q be (-4)/4*3 + 3. List the prime factors of -164 + 160 - (-311 + q)/1.
307
Suppose 3*q + 8 = 2*t + q, 4*t + 2*q - 28 = 0. Suppose -7*c = -21*c + 210. What are the prime factors of 153/c + t/(-30)?
2, 5
Suppose 1113 = 2*f + f. Suppose 11*d - f = 10*d. List the prime factors of d.
7, 53
Suppose 3*y + 2*x - 967 = 6230, -5*x = 2*y - 4776. What are the prime factors of y?
3, 89
Let g(o) = -30*o**2 + o - 1. Let q(s) = 3*s - s**2 - 1 - 7*s + 3*s. Let l(p) = -g(p) - q(p). What are the prime factors of l(2)?
2, 3, 7
Let n(z) = 1538*z**2 + 38*z + 79. List the prime factors of n(-2).
5, 1231
Let w = -315 + 747. Let y = 542 - w. List the prime factors of y.
2, 5, 11
Let m(o) = 12*o - 89. Let z be m(6). Let t(r) = -2*r**3 - 28*r**2 + 43*r + 17. What are the prime factors of t(z)?
2, 3, 5, 17
Suppose 59*z - 100*z - 17721 = -50*z. What are the prime factors of z?
11, 179
Suppose -52*w + 159327 = -31*w. What are the prime factors of w?
3, 281
Suppose -11 + 1 = 5*y, -5*m - 5 = 5*y. Let h be 6 - (0/7)/(m - -2). What are the prime factors of h + (-2)/(-6)*3?
7
Suppose -b = -117*b + 1503940. What are the prime factors of b?
5, 2593
Suppose -16 = -4*d, -2*d - 124779 = -5*g + 14093. List the prime factors of g.
2, 7, 31
Let f(l) = 313*l + 374. What are the prime factors of f(7)?
3, 5, 19
Let y = -4624 - -16056. List the prime factors of y.
2, 1429
Suppose -2*b = 44 - 86. What are the prime factors of (-1 - 15/(-6))/(b/8344)?
2, 149
Let x(r) = 17*r - 56. Let n(w) = -4*w + 14. Let c(u) = 9*n(u) + 2*x(u). Let b be c(7). Suppose -5*y + 208 + 172 = b. List the prime factors of y.
2, 19
Suppose -2*m - 4 = -3*m. Suppose 0 = m*s + 3*o - 579, o - 290 = -2*s - o. Let x = s + -69. What are the prime factors of x?
3, 5
Let g(n) = -n**3 + 23*n**2 - 28*n + 66. Let t be 20*(-4 - -5 - 0). List the prime factors of g(t).
2, 353
List the prime factors of (2 - 0)*(353313/78 + 10/(-65)).
9059
Let m be (3/2)/((-24)/352) + -1. Let c be 789/5 + m/(-115). Let q = c + -40. What are the prime factors of q?
2, 59
Let c = -222 + 219. What are the prime factors of 3/((c/882)/((-5)/10))?
3, 7
Suppose 5*k - 44 = -39. List the prime factors of ((-434)/(-70))/(k/15).
3, 31
Suppose -6*i = -14*i - 32. Let h(q) = 98*q**2 - 42*q - 151. What are the prime factors of h(i)?
5, 317
What are the prime factors of (-108)/(-486) + 35744/18?
2, 3, 331
Let o(d) = -2*d**3 - 8*d**2 + 47*d - 651. What are the prime factors of o(-31)?
2, 11, 31, 73
Suppose -5*u = 5*t - 16960, 17*t = 4*u + 20*t - 13563. What are the prime factors of u?
3, 1129
Suppose -5*f + 2*f + 15292 = 2*r, 4*r - 30628 = 5*f. What are the prime factors of r?
2, 1913
Suppose 4*s - 6*n = -n + 44189, 33182 = 3*s + 2*n. What are the prime factors of s?
2, 691
Let i(s) = -54*s + 30. Let j be i(-8). Suppose 2*c + t = -3*c + j, 2*c - t - 182 = 0. List the prime factors of c.
2, 23
Let d be 14/21 + 346/3. Suppose -10*t - d = -486. Suppose 0 = 12*n - 155 - t. List the prime factors of n.
2
Suppose -4*z - 5*t + 16 = -t, 0 = t - 4. Suppose 3*y - 15 = -z*y. Suppose -2*v = -5*k + 727, y*v + 44 = 3*k - 396. What are the prime factors of k?
5, 29
Let u = -1517 + 2477. Let k = -658 + u. Suppose 3*c - k = 349. What are the prime factors of c?
7, 31
Suppose -2*z = -p + 3494, -2*z + 435 = -2*p + 7433. List the prime factors of p.
2, 3, 73
Let q(t) = -10*t**3 - 3*t - 11. Let l be q(-2). Suppose 3*f + 4*b - 185 = 0, 5*f - l = -2*b + 224. List the prime factors of f.
59
Let v(g) = -g + 12. Let l be v(0). Let o be (-4)/(-1) - l/(-1